20 and 6622610.
10
Calculate the highest common divisor of 252 and 76.
4
Calculate the greatest common factor of 6028 and 89324.
548
What is the highest common divisor of 24505 and 6032?
377
Calculate the greatest common divisor of 120 and 338565.
15
What is the greatest common factor of 11258 and 55424?
866
What is the highest common divisor of 141 and 878477?
47
What is the greatest common divisor of 566064 and 240?
48
Calculate the greatest common factor of 3540160 and 74.
74
Calculate the highest common divisor of 3922 and 2590.
74
Calculate the greatest common factor of 5320 and 179480.
280
Calculate the highest common factor of 33 and 770077.
11
Calculate the highest common factor of 266464 and 7568.
176
What is the greatest common divisor of 654 and 16?
2
Calculate the highest common factor of 70 and 5090.
10
What is the greatest common factor of 37587 and 187?
187
Calculate the highest common divisor of 38990 and 210.
70
What is the highest common divisor of 8854 and 304?
38
What is the highest common divisor of 21318 and 247?
19
Calculate the greatest common divisor of 8 and 142616.
8
What is the highest common factor of 105 and 619815?
105
Calculate the greatest common divisor of 553102 and 44.
22
Calculate the highest common factor of 6004 and 104596.
316
What is the greatest common factor of 14260 and 2666?
62
What is the highest common factor of 474 and 307626?
474
Calculate the highest common divisor of 3020 and 3560.
20
What is the greatest common factor of 50 and 13314?
2
Calculate the highest common factor of 130 and 483977.
13
What is the greatest common factor of 1689266 and 2954?
422
Calculate the highest common factor of 52 and 37895.
13
Calculate the greatest common divisor of 115 and 101890.
115
Calculate the greatest common divisor of 228 and 786264.
12
What is the greatest common factor of 891 and 136458?
27
Calculate the highest common factor of 1302858 and 1049.
1049
Calculate the greatest common factor of 70 and 581890.
10
What is the highest common factor of 4 and 8123?
1
Calculate the highest common factor of 5221 and 299.
23
What is the highest common divisor of 549 and 24339?
183
Calculate the greatest common factor of 13 and 10370932.
13
Calculate the greatest common divisor of 10488 and 1254.
114
Calculate the greatest common divisor of 93 and 141887.
31
Calculate the greatest common factor of 7172 and 61940.
652
Calculate the highest common divisor of 14402 and 266.
38
What is the greatest common divisor of 32092 and 7526?
142
Calculate the greatest common divisor of 49824 and 816.
48
Calculate the greatest common factor of 3 and 641673.
3
Calculate the highest common factor of 333 and 1962.
9
Calculate the greatest common divisor of 26408 and 24.
8
Calculate the highest common divisor of 28 and 27076.
28
Calculate the greatest common factor of 315 and 773595.
45
Calculate the highest common divisor of 888 and 96168.
24
What is the highest common factor of 1265614 and 140?
14
What is the highest common factor of 200 and 7328920?
40
Calculate the highest common factor of 51800 and 4810.
370
Calculate the greatest common divisor of 1075 and 2640415.
215
What is the highest common factor of 385402 and 6550?
262
Calculate the highest common divisor of 135 and 23565.
15
Calculate the highest common divisor of 61698 and 7098.
546
Calculate the greatest common divisor of 22237 and 3005.
601
Calculate the greatest common factor of 6515 and 15.
5
What is the highest common divisor of 3363 and 76?
19
What is the highest common factor of 231 and 13314?
21
What is the greatest common divisor of 89 and 1286?
1
Calculate the highest common factor of 573039 and 9.
9
Calculate the greatest common factor of 34726 and 14356.
194
Calculate the greatest common factor of 35916 and 636.
12
What is the highest common divisor of 1240 and 6296?
8
Calculate the greatest common divisor of 2736 and 69008.
304
What is the highest common divisor of 6090 and 238?
14
What is the greatest common divisor of 479856 and 13728?
624
Calculate the greatest common divisor of 80 and 52384.
16
Calculate the highest common factor of 88790 and 9490.
130
What is the greatest common divisor of 417 and 3?
3
What is the highest common factor of 123200 and 1320?
440
Calculate the highest common factor of 38964 and 248682.
1146
Calculate the greatest common factor of 684 and 85044.
228
Calculate the greatest common factor of 1831377 and 4632.
579
Calculate the greatest common divisor of 3699 and 1728.
27
Calculate the highest common divisor of 472 and 1180.
236
What is the greatest common factor of 133006 and 292?
146
Calculate the highest common factor of 3525 and 3225.
75
What is the greatest common divisor of 103694 and 11954?
278
Calculate the greatest common divisor of 296564 and 982.
982
What is the greatest common divisor of 14 and 14343?
7
What is the highest common divisor of 24 and 392208?
24
What is the greatest common divisor of 975 and 52455?
195
What is the highest common divisor of 98863 and 109?
109
What is the highest common divisor of 8010 and 1440?
90
What is the highest common factor of 32 and 111556?
4
What is the greatest common factor of 18 and 27402?
6
What is the greatest common divisor of 71579 and 1147?
31
Calculate the highest common divisor of 25069 and 157993.
583
What is the highest common divisor of 10108 and 3444?
28
What is the highest common divisor of 143 and 541853?
13
What is the greatest common divisor of 26026 and 104?
26
Calculate the greatest common divisor of 7784 and 64.
8
Calculate the greatest common divisor of 84 and 69852.
12
Calculate the highest common divisor of 12296 and 5777.
53
What is the highest common factor of 1114 and 86?
2
What is the greatest common factor of 7598350 and 50?
50
Calculate the greatest common factor of 6 and 45534.
6
Calculate the greatest common divisor of 2231358 and 3.
3
Calculate the greatest common factor of 196 and 63161.
49
What is the highest common divisor of 1219 and 33125?
53
What is the highest common divisor of 5289 and 17?
1
What is the highest common divisor of 2106 and 2387853?
351
Calculate the highest common divisor of 5880 and 45.
15
Calculate the highest common factor of 725 and 44515.
145
What is the greatest common divisor of 10016 and 8?
8
What is the greatest common divisor of 201786 and 182?
26
Calculate the greatest common divisor of 18 and 3285.
9
Calculate the highest common factor of 70 and 122710.
70
Calculate the greatest common factor of 324 and 44358.
6
What is the highest common divisor of 2231 and 31809?
23
Calculate the highest common factor of 223 and 371741.
223
What is the greatest common divisor of 316 and 96301?
79
Calculate the greatest common factor of 11904 and 19104.
96
What is the highest common factor of 29664 and 432?
144
What is the highest common divisor of 18148 and 208?
52
What is the highest common factor of 39871 and 1131?
13
Calculate the greatest common factor of 230286 and 6.
6
What is the highest common factor of 12 and 24116?
4
Calculate the greatest common factor of 9 and 186516.
9
What is the greatest common factor of 16629 and 1794?
69
What is the highest common factor of 52 and 153439?
13
What is the greatest common divisor of 714 and 557753?
119
Calculate the highest common factor of 1250 and 5120.
10
Calculate the highest common divisor of 3 and 31657.
1
Calculate the greatest common factor of 45 and 366575.
5
Calculate the greatest common factor of 255 and 1085415.
15
What is the greatest common factor of 33323 and 188?
47
What is the highest common divisor of 2 and 7254?
2
Calculate the greatest common factor of 6916 and 1235.
247
Calculate the highest common factor of 88306 and 134.
134
Calculate the greatest common divisor of 256 and 155488.
32
What is the greatest common divisor of 700 and 2631650?
350
Calculate the greatest common factor of 1610 and 6790.
70
What is the highest common factor of 16994 and 14650?
586
What is the greatest common factor of 5465 and 105?
5
What is the greatest common factor of 979 and 326363?
89
What is the greatest common divisor of 25 and 535?
5
What is the highest common divisor of 117 and 1024992?
9
Calculate the greatest common divisor of 3468 and 34374.
102
What is the highe